{"id":63916,"date":"2024-07-15T11:03:00","date_gmt":"2024-07-15T11:03:00","guid":{"rendered":"https:\/\/wordpress.zozothemes.com\/grankare\/?page_id=63916"},"modified":"2025-11-27T10:29:40","modified_gmt":"2025-11-27T09:29:40","slug":"faq","status":"publish","type":"page","link":"https:\/\/dev.gesundheits-portal.org\/muster1\/faq\/","title":{"rendered":"H\u00e4ufig gestellte Fragen"},"content":{"rendered":"\t\t<div data-elementor-type=\"wp-page\" data-elementor-id=\"63916\" class=\"elementor elementor-63916\">\n\t\t\t\t\t\t<section class=\"elementor-section elementor-top-section elementor-element elementor-element-74c7bdcc elementor-section-stretched elementor-section-content-middle elementor-section-boxed elementor-section-height-default elementor-section-height-default content-parallax-no\" data-id=\"74c7bdcc\" data-element_type=\"section\" data-e-type=\"section\" data-settings=\"{&quot;stretch_section&quot;:&quot;section-stretched&quot;,&quot;background_background&quot;:&quot;classic&quot;}\">\n\t\t\t\t\t\t\t<div class=\"elementor-background-overlay\"><\/div>\n\t\t\t\t\t\t\t<div class=\"elementor-container elementor-column-gap-default\">\n\t\t\t\t\t<div class=\"elementor-column elementor-col-100 elementor-top-column elementor-element elementor-element-2fe91beb\" data-id=\"2fe91beb\" data-element_type=\"column\" data-e-type=\"column\" data-settings=\"{&quot;background_background&quot;:&quot;classic&quot;}\">\n\t\t\t<div class=\"elementor-widget-wrap elementor-element-populated\">\n\t\t\t\t\t<div class=\"elementor-background-overlay\"><\/div>\n\t\t\t\t\t\t<div class=\"elementor-element elementor-element-4f77e1f6 cea-align-center elementor-invisible elementor-widget elementor-widget-ceasectiontitle\" data-id=\"4f77e1f6\" data-element_type=\"widget\" data-e-type=\"widget\" data-settings=\"{&quot;_animation&quot;:&quot;fadeInUp&quot;}\" data-widget_type=\"ceasectiontitle.default\">\n\t\t\t\t<div class=\"elementor-widget-container\">\n\t\t\t\t\t<div class=\"section-title-wrapper\"><div class=\"title-wrap\"><h6 class=\"sub-title\"><span class=\"subtitle-dots \" >FAQs<\/span><\/h6><h2 class=\"section-title none cea-nrml\" data-animation=\"none\"  >H\u00e4ufig gestellte Fragen<\/h2><\/div><!-- .title-wrap --><div class=\"section-description\"><\/div><!-- .section-description --><\/div><!-- .section-title-wrapper -->\t\t\t\t<\/div>\n\t\t\t\t<\/div>\n\t\t\t\t<div class=\"elementor-element elementor-element-4d09193e elementor-invisible elementor-widget elementor-widget-ceaaccordion\" data-id=\"4d09193e\" data-element_type=\"widget\" data-e-type=\"widget\" data-settings=\"{&quot;_animation&quot;:&quot;fadeInUp&quot;}\" data-widget_type=\"ceaaccordion.default\">\n\t\t\t\t\n\t\t<div class=\"elementor-widget-container cea-accordion-elementor-widget\" data-toggle=\"\">\n\t\t\t<div class=\"cea-accordions\" id=\"cea-accordion-1\"><div class=\"card cea-accordion\"><div class=\"card-header cea-accordion-header\"><a class=\"nav-item nav-link active\" href=\"#cea-accordion-1-1\"><span class=\"elementor-accordion-icon elementor-accordion-icon-right\" aria-hidden=\"true\"><span class=\"cea-accordion-icon-closed\" style=\"font-size: 12px;\"><i class=\" bi-suit-heart\"><\/i><\/span><span class=\"cea-accordion-icon-opened\" style=\"font-size: 12px;\"><i class=\" bi-suit-heart-fill\"><\/i><\/span><\/span>Welche Leistungen bietet ein ambulanter Pflegedienst an?<\/a><\/div><!-- .card-header --><div class=\"cea-accordion-content active\" id=\"cea-accordion-1-1\"><div class=\"card-body\"><div class=\"cea-accordion-pane\"><p data-start=\"118\" data-end=\"377\">Wir unterst\u00fctzen bei Grundpflege, Behandlungspflege, Haushaltshilfe, Medikamentengabe, Betreuung im Alltag und vielem mehr. Die Leistungen werden individuell nach Ihrem Bedarf zusammengestellt.<\/p><\/div><\/div><!-- .card-body --><\/div><!-- .cea-accordion-content --><\/div><!-- .card --><div class=\"card cea-accordion\"><div class=\"card-header cea-accordion-header\"><a class=\"nav-item nav-link\" href=\"#cea-accordion-1-2\"><span class=\"elementor-accordion-icon elementor-accordion-icon-right\" aria-hidden=\"true\"><span class=\"cea-accordion-icon-closed\" style=\"font-size: 12px;\"><i class=\" bi-suit-heart\"><\/i><\/span><span class=\"cea-accordion-icon-opened\" style=\"font-size: 12px;\"><i class=\" bi-suit-heart-fill\"><\/i><\/span><\/span>Wie wird entschieden, welche Pflegeleistungen ben\u00f6tigt werden?<\/a><\/div><!-- .card-header --><div class=\"cea-accordion-content\" id=\"cea-accordion-1-2\"><div class=\"card-body\"><div class=\"cea-accordion-pane\"><p data-start=\"384\" data-end=\"619\">Wir f\u00fchren ein pers\u00f6nliches Gespr\u00e4ch, pr\u00fcfen den Pflegegrad und erstellen gemeinsam einen individuellen Pflegeplan, der genau auf Ihre Situation zugeschnitten ist.<\/p><\/div><\/div><!-- .card-body --><\/div><!-- .cea-accordion-content --><\/div><!-- .card --><div class=\"card cea-accordion\"><div class=\"card-header cea-accordion-header\"><a class=\"nav-item nav-link\" href=\"#cea-accordion-1-3\"><span class=\"elementor-accordion-icon elementor-accordion-icon-right\" aria-hidden=\"true\"><span class=\"cea-accordion-icon-closed\" style=\"font-size: 12px;\"><i class=\" bi-suit-heart\"><\/i><\/span><span class=\"cea-accordion-icon-opened\" style=\"font-size: 12px;\"><i class=\" bi-suit-heart-fill\"><\/i><\/span><\/span>\u00dcbernimmt die Pflegekasse die Kosten?<\/a><\/div><!-- .card-header --><div class=\"cea-accordion-content\" id=\"cea-accordion-1-3\"><div class=\"card-body\"><div class=\"cea-accordion-pane\"><p data-start=\"626\" data-end=\"835\">Ja, viele Leistungen werden je nach Pflegegrad ganz oder teilweise von der Pflegekasse \u00fcbernommen. Wir helfen Ihnen bei allen Antr\u00e4gen und der Kl\u00e4rung der Kosten.<\/p><\/div><\/div><!-- .card-body --><\/div><!-- .cea-accordion-content --><\/div><!-- .card --><div class=\"card cea-accordion\"><div class=\"card-header cea-accordion-header\"><a class=\"nav-item nav-link\" href=\"#cea-accordion-1-4\"><span class=\"elementor-accordion-icon elementor-accordion-icon-right\" aria-hidden=\"true\"><span class=\"cea-accordion-icon-closed\" style=\"font-size: 12px;\"><i class=\" bi-suit-heart\"><\/i><\/span><span class=\"cea-accordion-icon-opened\" style=\"font-size: 12px;\"><i class=\" bi-suit-heart-fill\"><\/i><\/span><\/span>Muss ein Pflegegrad vorhanden sein?<\/a><\/div><!-- .card-header --><div class=\"cea-accordion-content\" id=\"cea-accordion-1-4\"><div class=\"card-body\"><div class=\"cea-accordion-pane\"><p>Nein, Pflege kann auch ohne Pflegegrad in Anspruch genommen werden. Mit Pflegegrad k\u00f6nnen zus\u00e4tzliche Leistungen finanziert werden.<\/p><\/div><\/div><!-- .card-body --><\/div><!-- .cea-accordion-content --><\/div><!-- .card --><div class=\"card cea-accordion\"><div class=\"card-header cea-accordion-header\"><a class=\"nav-item nav-link\" href=\"#cea-accordion-1-5\"><span class=\"elementor-accordion-icon elementor-accordion-icon-right\" aria-hidden=\"true\"><span class=\"cea-accordion-icon-closed\" style=\"font-size: 12px;\"><i class=\" bi-suit-heart\"><\/i><\/span><span class=\"cea-accordion-icon-opened\" style=\"font-size: 12px;\"><i class=\" bi-suit-heart-fill\"><\/i><\/span><\/span>Kommen immer die gleichen Pflegekr\u00e4fte?<\/a><\/div><!-- .card-header --><div class=\"cea-accordion-content\" id=\"cea-accordion-1-5\"><div class=\"card-body\"><div class=\"cea-accordion-pane\"><p>Wir versuchen, feste Bezugspersonen einzusetzen, damit Vertrauen entsteht und die Abl\u00e4ufe f\u00fcr den Kunden angenehm und vertraut bleiben.<\/p><\/div><\/div><!-- .card-body --><\/div><!-- .cea-accordion-content --><\/div><!-- .card --><div class=\"card cea-accordion\"><div class=\"card-header cea-accordion-header\"><a class=\"nav-item nav-link\" href=\"#cea-accordion-1-6\"><span class=\"elementor-accordion-icon elementor-accordion-icon-right\" aria-hidden=\"true\"><span class=\"cea-accordion-icon-closed\" style=\"font-size: 12px;\"><i class=\" bi-suit-heart\"><\/i><\/span><span class=\"cea-accordion-icon-opened\" style=\"font-size: 12px;\"><i class=\" bi-suit-heart-fill\"><\/i><\/span><\/span>Wie oft kommen die Pflegekr\u00e4fte vorbei?<\/a><\/div><!-- .card-header --><div class=\"cea-accordion-content\" id=\"cea-accordion-1-6\"><div class=\"card-body\"><div class=\"cea-accordion-pane\"><p>Die Eins\u00e4tze richten sich nach Ihrem Bedarf: t\u00e4glich, mehrmals die Woche oder zu bestimmten Zeiten am Tag.<\/p><\/div><\/div><!-- .card-body --><\/div><!-- .cea-accordion-content --><\/div><!-- .card --><\/div>\t\t<\/div>\n\t\t\t\t<\/div>\n\t\t\t\t\t<\/div>\n\t\t<\/div>\n\t\t\t\t\t<\/div>\n\t\t<\/section>\n\t\t\t\t<section class=\"elementor-section elementor-top-section elementor-element elementor-element-5c8987aa elementor-section-stretched elementor-section-boxed elementor-section-height-default elementor-section-height-default content-parallax-no\" data-id=\"5c8987aa\" data-element_type=\"section\" data-e-type=\"section\" data-settings=\"{&quot;stretch_section&quot;:&quot;section-stretched&quot;,&quot;background_background&quot;:&quot;classic&quot;}\">\n\t\t\t\t\t\t<div class=\"elementor-container elementor-column-gap-default\">\n\t\t\t\t\t<div class=\"elementor-column elementor-col-50 elementor-top-column elementor-element elementor-element-416d9734\" data-id=\"416d9734\" data-element_type=\"column\" data-e-type=\"column\">\n\t\t\t<div class=\"elementor-widget-wrap elementor-element-populated\">\n\t\t\t\t\t\t<div class=\"elementor-element elementor-element-4a229271 cea-align-left elementor-invisible elementor-widget elementor-widget-ceasectiontitle\" data-id=\"4a229271\" data-element_type=\"widget\" data-e-type=\"widget\" data-settings=\"{&quot;_animation&quot;:&quot;fadeInUp&quot;}\" data-widget_type=\"ceasectiontitle.default\">\n\t\t\t\t<div class=\"elementor-widget-container\">\n\t\t\t\t\t<div class=\"section-title-wrapper\"><div class=\"title-wrap\"><p class=\"sub-title\"><span class=\"subtitle-dots \" >Wer wir sind<\/span><\/p><h2 class=\"section-title none cea-nrml\" data-animation=\"none\"  >Wir glauben fest daran, dass gute Pflege den Alltag sp\u00fcrbar verbessert<\/h2><\/div><!-- .title-wrap --><div class=\"section-description\"><p class=\"section-content\">Wir stehen f\u00fcr respektvolle, verl\u00e4ssliche und menschliche ambulante Betreuung. Unser Ziel ist es, Menschen zuhause Sicherheit und Lebensqualit\u00e4t zu schenken. Wir unterst\u00fctzen im Alltag, entlasten Angeh\u00f6rige und schaffen Momente, die den Tag leichter und sch\u00f6ner machen. Alles, was wir tun, richtet sich nach den Bed\u00fcrfnissen unserer Patienten und ihrer Familien.<\/p><\/div><!-- .section-description --><\/div><!-- .section-title-wrapper -->\t\t\t\t<\/div>\n\t\t\t\t<\/div>\n\t\t\t\t<section class=\"elementor-section elementor-inner-section elementor-element elementor-element-56ec52e8 elementor-section-boxed elementor-section-height-default elementor-section-height-default content-parallax-no\" data-id=\"56ec52e8\" data-element_type=\"section\" data-e-type=\"section\">\n\t\t\t\t\t\t<div class=\"elementor-container elementor-column-gap-default\">\n\t\t\t\t\t<div class=\"elementor-column elementor-col-50 elementor-inner-column elementor-element elementor-element-35d8454a\" data-id=\"35d8454a\" data-element_type=\"column\" data-e-type=\"column\">\n\t\t\t<div class=\"elementor-widget-wrap elementor-element-populated\">\n\t\t\t\t\t\t<div class=\"elementor-element elementor-element-2d3db41f cea-view-default elementor-invisible elementor-widget elementor-widget-ceafeaturebox\" data-id=\"2d3db41f\" data-element_type=\"widget\" data-e-type=\"widget\" data-settings=\"{&quot;_animation&quot;:&quot;fadeInUp&quot;}\" data-widget_type=\"ceafeaturebox.default\">\n\t\t\t\t<div class=\"elementor-widget-container feature-box-wrapper feature-box-default\">\n\t\t\t<div class=\"media\"><div class=\"media-icon-part\"><figure class=\"cea-feature-box-img\"><img decoding=\"async\" width=\"40\" height=\"40\" src=\"https:\/\/dev.gesundheits-portal.org\/muster1\/wp-content\/uploads\/2023\/09\/handicap-1-1.png\" class=\"attachment-full size-full img-fluid squared \" alt=\"\" \/><\/figure><\/div><div class=\"media-body align-self-center\"><h3 class=\"feature-box-title\">Individuelle Pflegeleistungen<\/h3><\/div><!-- .media-body --><\/div><!-- .media -->\t\t<\/div>\n\t\t\t\t<\/div>\n\t\t\t\t\t<\/div>\n\t\t<\/div>\n\t\t\t\t<div class=\"elementor-column elementor-col-50 elementor-inner-column elementor-element elementor-element-51f615d2\" data-id=\"51f615d2\" data-element_type=\"column\" data-e-type=\"column\">\n\t\t\t<div class=\"elementor-widget-wrap elementor-element-populated\">\n\t\t\t\t\t\t<div class=\"elementor-element elementor-element-d6f9f77 cea-view-default elementor-invisible elementor-widget elementor-widget-ceafeaturebox\" data-id=\"d6f9f77\" data-element_type=\"widget\" data-e-type=\"widget\" data-settings=\"{&quot;_animation&quot;:&quot;fadeInUp&quot;}\" data-widget_type=\"ceafeaturebox.default\">\n\t\t\t\t<div class=\"elementor-widget-container feature-box-wrapper feature-box-default\">\n\t\t\t<div class=\"media\"><div class=\"media-icon-part\"><figure class=\"cea-feature-box-img\"><img decoding=\"async\" width=\"40\" height=\"40\" src=\"https:\/\/dev.gesundheits-portal.org\/muster1\/wp-content\/uploads\/2023\/09\/medicine-1-1.png\" class=\"attachment-full size-full img-fluid squared \" alt=\"\" \/><\/figure><\/div><div class=\"media-body align-self-center\"><h3 class=\"feature-box-title\">Umfassende Gesundheitsbegleitung<\/h3><\/div><!-- .media-body --><\/div><!-- .media -->\t\t<\/div>\n\t\t\t\t<\/div>\n\t\t\t\t\t<\/div>\n\t\t<\/div>\n\t\t\t\t\t<\/div>\n\t\t<\/section>\n\t\t\t\t<section class=\"elementor-section elementor-inner-section elementor-element elementor-element-33f59c44 elementor-section-boxed elementor-section-height-default elementor-section-height-default content-parallax-no\" data-id=\"33f59c44\" data-element_type=\"section\" data-e-type=\"section\">\n\t\t\t\t\t\t<div class=\"elementor-container elementor-column-gap-default\">\n\t\t\t\t\t<div class=\"elementor-column elementor-col-50 elementor-inner-column elementor-element elementor-element-56a99b09\" data-id=\"56a99b09\" data-element_type=\"column\" data-e-type=\"column\">\n\t\t\t<div class=\"elementor-widget-wrap elementor-element-populated\">\n\t\t\t\t\t\t<div class=\"elementor-element elementor-element-6067996c elementor-widget elementor-widget-ceabutton\" data-id=\"6067996c\" data-element_type=\"widget\" data-e-type=\"widget\" data-widget_type=\"ceabutton.default\">\n\t\t\t\t<div class=\"elementor-widget-container cea-button-wrapper\">\n\t\t\t\t\t<div class=\"cea-button-wrapper\">\n\t\t\t<a href=\"\/kontakt\" class=\"cea-button-link elementor-button cea-button elementor-size-sm\">\n\t\t\t\t\t\t<span class=\"cea-button-content-wrapper\">\n\t\t\t\t\t\t<span class=\"cea-button-icon cea-align-icon-right\">\n\t\t\t\t<i aria-hidden=\"true\" class=\" bi-arrow-up-right\"><\/i>\t\t\t<\/span>\n\t\t\t\t\t\t<span class=\"cea-button-text\">Jetzt kontaktieren<\/span>\n\t\t<\/span>\n\t\t\t\t\t<\/a>\n\t\t<\/div>\n\t\t\t\t<\/div>\n\t\t\t\t<\/div>\n\t\t\t\t\t<\/div>\n\t\t<\/div>\n\t\t\t\t<div class=\"elementor-column elementor-col-50 elementor-inner-column elementor-element elementor-element-6d47a7ee elementor-hidden-tablet elementor-hidden-mobile\" data-id=\"6d47a7ee\" data-element_type=\"column\" data-e-type=\"column\">\n\t\t\t<div class=\"elementor-widget-wrap\">\n\t\t\t\t\t\t\t<\/div>\n\t\t<\/div>\n\t\t\t\t\t<\/div>\n\t\t<\/section>\n\t\t\t\t\t<\/div>\n\t\t<\/div>\n\t\t\t\t<div class=\"elementor-column elementor-col-50 elementor-top-column elementor-element elementor-element-331de39\" data-id=\"331de39\" data-element_type=\"column\" data-e-type=\"column\">\n\t\t\t<div class=\"elementor-widget-wrap elementor-element-populated\">\n\t\t\t\t\t\t<div class=\"elementor-element elementor-element-7d788404 elementor-invisible elementor-widget elementor-widget-image\" data-id=\"7d788404\" data-element_type=\"widget\" data-e-type=\"widget\" data-settings=\"{&quot;_animation&quot;:&quot;fadeInUp&quot;,&quot;_animation_delay&quot;:200}\" data-widget_type=\"image.default\">\n\t\t\t\t\t\t\t\t\t\t\t\t\t\t\t<img decoding=\"async\" src=\"https:\/\/dev.gesundheits-portal.org\/muster1\/wp-content\/uploads\/elementor\/thumbs\/portfolio-img9-rf9vn6lxd58o7puzoqmuw8qf2mgwsipprf1czxvsm8.jpg\" title=\"portfolio-img9\" alt=\"portfolio-img9\" loading=\"lazy\" \/>\t\t\t\t\t\t\t\t\t\t\t\t\t\t\t<\/div>\n\t\t\t\t<section class=\"elementor-section elementor-inner-section elementor-element elementor-element-91db086 elementor-section-boxed elementor-section-height-default elementor-section-height-default content-parallax-no\" data-id=\"91db086\" data-element_type=\"section\" data-e-type=\"section\">\n\t\t\t\t\t\t<div class=\"elementor-container elementor-column-gap-default\">\n\t\t\t\t\t<div class=\"elementor-column elementor-col-50 elementor-inner-column elementor-element elementor-element-e94a46\" data-id=\"e94a46\" data-element_type=\"column\" data-e-type=\"column\">\n\t\t\t<div class=\"elementor-widget-wrap elementor-element-populated\">\n\t\t\t\t\t\t<div class=\"elementor-element elementor-element-786ebad9 elementor-invisible elementor-widget elementor-widget-image\" data-id=\"786ebad9\" data-element_type=\"widget\" data-e-type=\"widget\" data-settings=\"{&quot;_animation&quot;:&quot;fadeInUp&quot;,&quot;_animation_delay&quot;:400}\" data-widget_type=\"image.default\">\n\t\t\t\t\t\t\t\t\t\t\t\t\t\t\t<img decoding=\"async\" src=\"https:\/\/dev.gesundheits-portal.org\/muster1\/wp-content\/uploads\/elementor\/thumbs\/blog-img-5-rf9vnbb4bbg8qycqlg0wsx7qt8q5es6qn1agg8qru8.jpg\" title=\"blog-img-5\" alt=\"blog-img-5\" loading=\"lazy\" \/>\t\t\t\t\t\t\t\t\t\t\t\t\t\t\t<\/div>\n\t\t\t\t\t<\/div>\n\t\t<\/div>\n\t\t\t\t<div class=\"elementor-column elementor-col-50 elementor-inner-column elementor-element elementor-element-61bc6db4\" data-id=\"61bc6db4\" data-element_type=\"column\" data-e-type=\"column\">\n\t\t\t<div class=\"elementor-widget-wrap elementor-element-populated\">\n\t\t\t\t\t\t<div class=\"elementor-element elementor-element-3cac5835 elementor-invisible elementor-widget elementor-widget-image\" data-id=\"3cac5835\" data-element_type=\"widget\" data-e-type=\"widget\" data-settings=\"{&quot;_animation&quot;:&quot;fadeInUp&quot;,&quot;_animation_delay&quot;:400}\" data-widget_type=\"image.default\">\n\t\t\t\t\t\t\t\t\t\t\t\t\t\t\t<img decoding=\"async\" src=\"https:\/\/dev.gesundheits-portal.org\/muster1\/wp-content\/uploads\/elementor\/thumbs\/grandkare-service-img4-rf9vm9pkpy0rujvcozru16pb1tvguw1h5v7196air4.jpg\" title=\"grandkare-service-img4\" alt=\"grandkare-service-img4\" loading=\"lazy\" \/>\t\t\t\t\t\t\t\t\t\t\t\t\t\t\t<\/div>\n\t\t\t\t\t<\/div>\n\t\t<\/div>\n\t\t\t\t\t<\/div>\n\t\t<\/section>\n\t\t\t\t<div class=\"elementor-element elementor-element-63d0fff6 cea-view-framed elementor-widget__width-initial elementor-absolute verticle-move elementor-hidden-mobile elementor-hidden-tablet cea-shape-circle elementor-widget elementor-widget-ceafeaturebox\" data-id=\"63d0fff6\" data-element_type=\"widget\" data-e-type=\"widget\" data-settings=\"{&quot;_position&quot;:&quot;absolute&quot;}\" data-widget_type=\"ceafeaturebox.default\">\n\t\t\t\t<div class=\"elementor-widget-container feature-box-wrapper feature-box-default\">\n\t\t\t<div class=\"media\"><div class=\"media-icon-part align-self-center\"><div class=\"cea-featured-icon\"><i aria-hidden=\"true\" class=\" bi-house-heart\"><\/i><\/div><\/div><div class=\"media-body align-self-center\"><h4 class=\"feature-box-title\">250+<\/h4><div class=\"fbox-content\">zufriedene Klienten<\/div><\/div><!-- .media-body --><\/div><!-- .media -->\t\t<\/div>\n\t\t\t\t<\/div>\n\t\t\t\t\t<\/div>\n\t\t<\/div>\n\t\t\t\t\t<\/div>\n\t\t<\/section>\n\t\t\t\t<\/div>\n\t\t","protected":false},"excerpt":{"rendered":"<p>FAQs H\u00e4ufig gestellte Fragen Welche Leistungen bietet ein ambulanter Pflegedienst an? Wir unterst\u00fctzen bei Grundpflege, Behandlungspflege, Haushaltshilfe, Medikamentengabe, Betreuung im Alltag und vielem mehr. Die Leistungen werden individuell nach Ihrem Bedarf zusammengestellt. Wie wird entschieden, welche Pflegeleistungen ben\u00f6tigt werden? Wir f\u00fchren ein pers\u00f6nliches Gespr\u00e4ch, pr\u00fcfen den Pflegegrad und erstellen gemeinsam..<\/p>\n","protected":false},"author":1,"featured_media":0,"parent":0,"menu_order":0,"comment_status":"closed","ping_status":"closed","template":"","meta":{"footnotes":""},"class_list":["post-63916","page","type-page","status-publish","hentry"],"_links":{"self":[{"href":"https:\/\/dev.gesundheits-portal.org\/muster1\/wp-json\/wp\/v2\/pages\/63916","targetHints":{"allow":["GET"]}}],"collection":[{"href":"https:\/\/dev.gesundheits-portal.org\/muster1\/wp-json\/wp\/v2\/pages"}],"about":[{"href":"https:\/\/dev.gesundheits-portal.org\/muster1\/wp-json\/wp\/v2\/types\/page"}],"author":[{"embeddable":true,"href":"https:\/\/dev.gesundheits-portal.org\/muster1\/wp-json\/wp\/v2\/users\/1"}],"replies":[{"embeddable":true,"href":"https:\/\/dev.gesundheits-portal.org\/muster1\/wp-json\/wp\/v2\/comments?post=63916"}],"version-history":[{"count":10,"href":"https:\/\/dev.gesundheits-portal.org\/muster1\/wp-json\/wp\/v2\/pages\/63916\/revisions"}],"predecessor-version":[{"id":64601,"href":"https:\/\/dev.gesundheits-portal.org\/muster1\/wp-json\/wp\/v2\/pages\/63916\/revisions\/64601"}],"wp:attachment":[{"href":"https:\/\/dev.gesundheits-portal.org\/muster1\/wp-json\/wp\/v2\/media?parent=63916"}],"curies":[{"name":"wp","href":"https:\/\/api.w.org\/{rel}","templated":true}]}}