{"id":64640,"date":"2025-11-27T12:05:38","date_gmt":"2025-11-27T11:05:38","guid":{"rendered":"https:\/\/dev.gesundheits-portal.org\/muster1\/?page_id=64640"},"modified":"2025-11-27T12:10:57","modified_gmt":"2025-11-27T11:10:57","slug":"haushaltshilfe","status":"publish","type":"page","link":"https:\/\/dev.gesundheits-portal.org\/muster1\/haushaltshilfe\/","title":{"rendered":"Haushaltshilfe"},"content":{"rendered":"\t\t<div data-elementor-type=\"wp-page\" data-elementor-id=\"64640\" class=\"elementor elementor-64640\">\n\t\t\t\t\t\t<section class=\"elementor-section elementor-top-section elementor-element elementor-element-c8c956e elementor-section-stretched elementor-section-boxed elementor-section-height-default elementor-section-height-default content-parallax-no\" data-id=\"c8c956e\" data-element_type=\"section\" data-e-type=\"section\" data-settings=\"{&quot;stretch_section&quot;:&quot;section-stretched&quot;}\">\n\t\t\t\t\t\t<div class=\"elementor-container elementor-column-gap-default\">\n\t\t\t\t\t<div class=\"elementor-column elementor-col-50 elementor-top-column elementor-element elementor-element-cf7dbaf\" data-id=\"cf7dbaf\" data-element_type=\"column\" data-e-type=\"column\">\n\t\t\t<div class=\"elementor-widget-wrap elementor-element-populated\">\n\t\t\t\t\t\t<div class=\"elementor-element elementor-element-ae3a4f5 cea-align-left elementor-invisible elementor-widget elementor-widget-ceasectiontitle\" data-id=\"ae3a4f5\" data-element_type=\"widget\" data-e-type=\"widget\" data-settings=\"{&quot;_animation&quot;:&quot;fadeInUp&quot;}\" data-widget_type=\"ceasectiontitle.default\">\n\t\t\t\t<div class=\"elementor-widget-container\">\n\t\t\t\t\t<div class=\"section-title-wrapper\"><div class=\"title-wrap\"><p class=\"sub-title\"><span class=\"subtitle-dots \" >Haushaltshilfe<\/span><\/p><h3 class=\"section-title none cea-nrml\" data-animation=\"none\"  >Wir sorgen f\u00fcr Ordnung und Entlastung im Alltag<\/h3><\/div><!-- .title-wrap --><div class=\"section-description\"><p class=\"section-content\">Wir unterst\u00fctzen Menschen zuhause bei allen wichtigen Aufgaben im Haushalt. Dazu geh\u00f6ren Reinigung, Einkaufen, W\u00e4sche, Kochen und viele weitere T\u00e4tigkeiten, die den Alltag erleichtern. Unsere Haushaltshilfen entlasten sowohl Patienten als auch Angeh\u00f6rige und schaffen mehr Struktur, Komfort und Sicherheit im t\u00e4glichen Leben.<\/p><\/div><!-- .section-description --><\/div><!-- .section-title-wrapper -->\t\t\t\t<\/div>\n\t\t\t\t<\/div>\n\t\t\t\t<section class=\"elementor-section elementor-inner-section elementor-element elementor-element-7db6d03 elementor-section-boxed elementor-section-height-default elementor-section-height-default content-parallax-no\" data-id=\"7db6d03\" data-element_type=\"section\" data-e-type=\"section\">\n\t\t\t\t\t\t<div class=\"elementor-container elementor-column-gap-default\">\n\t\t\t\t\t<div class=\"elementor-column elementor-col-50 elementor-inner-column elementor-element elementor-element-2ee175f\" data-id=\"2ee175f\" data-element_type=\"column\" data-e-type=\"column\">\n\t\t\t<div class=\"elementor-widget-wrap elementor-element-populated\">\n\t\t\t\t\t\t<div class=\"elementor-element elementor-element-7e566c5 cea-view-default elementor-widget elementor-widget-ceafeaturebox\" data-id=\"7e566c5\" data-element_type=\"widget\" data-e-type=\"widget\" data-widget_type=\"ceafeaturebox.default\">\n\t\t\t\t<div class=\"elementor-widget-container feature-box-wrapper feature-box-default\">\n\t\t\t<div class=\"media\"><div class=\"media-icon-part\"><figure class=\"cea-feature-box-img\"><img decoding=\"async\" width=\"40\" height=\"40\" src=\"https:\/\/dev.gesundheits-portal.org\/muster1\/wp-content\/uploads\/2023\/09\/handicap-1-1.png\" class=\"attachment-full size-full img-fluid squared \" alt=\"\" \/><\/figure><\/div><div class=\"media-body align-self-center\"><h3 class=\"feature-box-title\">Individuelle Haushaltshilfe<\/h3><\/div><!-- .media-body --><\/div><!-- .media -->\t\t<\/div>\n\t\t\t\t<\/div>\n\t\t\t\t\t<\/div>\n\t\t<\/div>\n\t\t\t\t<div class=\"elementor-column elementor-col-50 elementor-inner-column elementor-element elementor-element-45f3262\" data-id=\"45f3262\" data-element_type=\"column\" data-e-type=\"column\">\n\t\t\t<div class=\"elementor-widget-wrap elementor-element-populated\">\n\t\t\t\t\t\t<div class=\"elementor-element elementor-element-10b0e85 cea-view-default elementor-widget elementor-widget-ceafeaturebox\" data-id=\"10b0e85\" data-element_type=\"widget\" data-e-type=\"widget\" data-widget_type=\"ceafeaturebox.default\">\n\t\t\t\t<div class=\"elementor-widget-container feature-box-wrapper feature-box-default\">\n\t\t\t<div class=\"media\"><div class=\"media-icon-part\"><figure class=\"cea-feature-box-img\"><img decoding=\"async\" width=\"40\" height=\"40\" src=\"https:\/\/dev.gesundheits-portal.org\/muster1\/wp-content\/uploads\/2023\/09\/medicine-1-1.png\" class=\"attachment-full size-full img-fluid squared \" alt=\"\" \/><\/figure><\/div><div class=\"media-body align-self-center\"><h3 class=\"feature-box-title\">Alltags-unterst\u00fctzung<\/h3><\/div><!-- .media-body --><\/div><!-- .media -->\t\t<\/div>\n\t\t\t\t<\/div>\n\t\t\t\t\t<\/div>\n\t\t<\/div>\n\t\t\t\t\t<\/div>\n\t\t<\/section>\n\t\t\t\t<section class=\"elementor-section elementor-inner-section elementor-element elementor-element-86aa27a elementor-section-boxed elementor-section-height-default elementor-section-height-default content-parallax-no\" data-id=\"86aa27a\" data-element_type=\"section\" data-e-type=\"section\">\n\t\t\t\t\t\t<div class=\"elementor-container elementor-column-gap-default\">\n\t\t\t\t\t<div class=\"elementor-column elementor-col-50 elementor-inner-column elementor-element elementor-element-6d00cbf\" data-id=\"6d00cbf\" data-element_type=\"column\" data-e-type=\"column\">\n\t\t\t<div class=\"elementor-widget-wrap elementor-element-populated\">\n\t\t\t\t\t\t<div class=\"elementor-element elementor-element-4c85ab4 elementor-invisible elementor-widget elementor-widget-ceabutton\" data-id=\"4c85ab4\" data-element_type=\"widget\" data-e-type=\"widget\" data-settings=\"{&quot;_animation&quot;:&quot;fadeInUp&quot;}\" data-widget_type=\"ceabutton.default\">\n\t\t\t\t<div class=\"elementor-widget-container cea-button-wrapper\">\n\t\t\t\t\t<div class=\"cea-button-wrapper\">\n\t\t\t<a href=\"\/kontakt\" class=\"cea-button-link elementor-button cea-button elementor-size-sm\">\n\t\t\t\t\t\t<span class=\"cea-button-content-wrapper\">\n\t\t\t\t\t\t<span class=\"cea-button-icon cea-align-icon-right\">\n\t\t\t\t<i aria-hidden=\"true\" class=\" bi-arrow-up-right\"><\/i>\t\t\t<\/span>\n\t\t\t\t\t\t<span class=\"cea-button-text\">Kontakt<\/span>\n\t\t<\/span>\n\t\t\t\t\t<\/a>\n\t\t<\/div>\n\t\t\t\t<\/div>\n\t\t\t\t<\/div>\n\t\t\t\t\t<\/div>\n\t\t<\/div>\n\t\t\t\t<div class=\"elementor-column elementor-col-50 elementor-inner-column elementor-element elementor-element-62a5628 elementor-hidden-tablet elementor-hidden-mobile\" data-id=\"62a5628\" data-element_type=\"column\" data-e-type=\"column\">\n\t\t\t<div class=\"elementor-widget-wrap\">\n\t\t\t\t\t\t\t<\/div>\n\t\t<\/div>\n\t\t\t\t\t<\/div>\n\t\t<\/section>\n\t\t\t\t\t<\/div>\n\t\t<\/div>\n\t\t\t\t<div class=\"elementor-column elementor-col-50 elementor-top-column elementor-element elementor-element-6224e29\" data-id=\"6224e29\" data-element_type=\"column\" data-e-type=\"column\">\n\t\t\t<div class=\"elementor-widget-wrap elementor-element-populated\">\n\t\t\t\t\t\t<div class=\"elementor-element elementor-element-9198a32 elementor-widget elementor-widget-image\" data-id=\"9198a32\" data-element_type=\"widget\" data-e-type=\"widget\" data-widget_type=\"image.default\">\n\t\t\t\t\t\t\t\t\t\t\t\t\t\t\t<img fetchpriority=\"high\" decoding=\"async\" width=\"1041\" height=\"694\" src=\"https:\/\/dev.gesundheits-portal.org\/muster1\/wp-content\/uploads\/2022\/07\/blog-img-2.jpg\" class=\"attachment-large size-large wp-image-31213\" alt=\"\" \/>\t\t\t\t\t\t\t\t\t\t\t\t\t\t\t<\/div>\n\t\t\t\t<section class=\"elementor-section elementor-inner-section elementor-element elementor-element-77c8630 elementor-section-boxed elementor-section-height-default elementor-section-height-default content-parallax-no\" data-id=\"77c8630\" data-element_type=\"section\" data-e-type=\"section\">\n\t\t\t\t\t\t<div class=\"elementor-container elementor-column-gap-default\">\n\t\t\t\t\t<div class=\"elementor-column elementor-col-50 elementor-inner-column elementor-element elementor-element-a107808\" data-id=\"a107808\" data-element_type=\"column\" data-e-type=\"column\">\n\t\t\t<div class=\"elementor-widget-wrap elementor-element-populated\">\n\t\t\t\t\t\t<div class=\"elementor-element elementor-element-ee15a27 elementor-widget elementor-widget-image\" data-id=\"ee15a27\" data-element_type=\"widget\" data-e-type=\"widget\" data-widget_type=\"image.default\">\n\t\t\t\t\t\t\t\t\t\t\t\t\t\t\t<img decoding=\"async\" src=\"https:\/\/dev.gesundheits-portal.org\/muster1\/wp-content\/uploads\/elementor\/thumbs\/blog-img-4-rf9vnada41nez81ze1w8kz0td5rk5pf2eqrdnccb0w.jpg\" title=\"blog-img-4\" alt=\"blog-img-4\" loading=\"lazy\" \/>\t\t\t\t\t\t\t\t\t\t\t\t\t\t\t<\/div>\n\t\t\t\t\t<\/div>\n\t\t<\/div>\n\t\t\t\t<div class=\"elementor-column elementor-col-50 elementor-inner-column elementor-element elementor-element-e9ac3b4\" data-id=\"e9ac3b4\" data-element_type=\"column\" data-e-type=\"column\">\n\t\t\t<div class=\"elementor-widget-wrap elementor-element-populated\">\n\t\t\t\t\t\t<div class=\"elementor-element elementor-element-cfdb7f9 elementor-widget elementor-widget-image\" data-id=\"cfdb7f9\" data-element_type=\"widget\" data-e-type=\"widget\" data-widget_type=\"image.default\">\n\t\t\t\t\t\t\t\t\t\t\t\t\t\t\t<img decoding=\"async\" src=\"https:\/\/dev.gesundheits-portal.org\/muster1\/wp-content\/uploads\/elementor\/thumbs\/portfolio-img9-rf9vn6lxcpi9os7g009qazyyzma3ax05285fq8hvps.jpg\" title=\"portfolio-img9\" alt=\"portfolio-img9\" loading=\"lazy\" \/>\t\t\t\t\t\t\t\t\t\t\t\t\t\t\t<\/div>\n\t\t\t\t\t<\/div>\n\t\t<\/div>\n\t\t\t\t\t<\/div>\n\t\t<\/section>\n\t\t\t\t<div class=\"elementor-element elementor-element-2c3c161 cea-view-framed elementor-widget__width-auto elementor-absolute verticle-move elementor-hidden-mobile elementor-hidden-tablet cea-shape-circle elementor-widget elementor-widget-ceafeaturebox\" data-id=\"2c3c161\" data-element_type=\"widget\" data-e-type=\"widget\" data-settings=\"{&quot;_position&quot;:&quot;absolute&quot;}\" data-widget_type=\"ceafeaturebox.default\">\n\t\t\t\t<div class=\"elementor-widget-container feature-box-wrapper feature-box-default\">\n\t\t\t<div class=\"feature-box-inner\"><div class=\"cea-featured-icon\"><svg aria-hidden=\"true\" class=\"e-font-icon-svg e-far-hospital\" viewBox=\"0 0 448 512\" xmlns=\"http:\/\/www.w3.org\/2000\/svg\"><path d=\"M128 244v-40c0-6.627 5.373-12 12-12h40c6.627 0 12 5.373 12 12v40c0 6.627-5.373 12-12 12h-40c-6.627 0-12-5.373-12-12zm140 12h40c6.627 0 12-5.373 12-12v-40c0-6.627-5.373-12-12-12h-40c-6.627 0-12 5.373-12 12v40c0 6.627 5.373 12 12 12zm-76 84v-40c0-6.627-5.373-12-12-12h-40c-6.627 0-12 5.373-12 12v40c0 6.627 5.373 12 12 12h40c6.627 0 12-5.373 12-12zm76 12h40c6.627 0 12-5.373 12-12v-40c0-6.627-5.373-12-12-12h-40c-6.627 0-12 5.373-12 12v40c0 6.627 5.373 12 12 12zm180 124v36H0v-36c0-6.627 5.373-12 12-12h19.5V85.035C31.5 73.418 42.245 64 55.5 64H144V24c0-13.255 10.745-24 24-24h112c13.255 0 24 10.745 24 24v40h88.5c13.255 0 24 9.418 24 21.035V464H436c6.627 0 12 5.373 12 12zM79.5 463H192v-67c0-6.627 5.373-12 12-12h40c6.627 0 12 5.373 12 12v67h112.5V112H304v24c0 13.255-10.745 24-24 24H168c-13.255 0-24-10.745-24-24v-24H79.5v351zM266 64h-26V38a6 6 0 0 0-6-6h-20a6 6 0 0 0-6 6v26h-26a6 6 0 0 0-6 6v20a6 6 0 0 0 6 6h26v26a6 6 0 0 0 6 6h20a6 6 0 0 0 6-6V96h26a6 6 0 0 0 6-6V70a6 6 0 0 0-6-6z\"><\/path><\/svg><\/div><h4 class=\"feature-box-title\">100+<\/h4><div class=\"fbox-content\">Grundpflege Eins\u00e4tze<\/div><\/div>\t\t<\/div>\n\t\t\t\t<\/div>\n\t\t\t\t\t<\/div>\n\t\t<\/div>\n\t\t\t\t\t<\/div>\n\t\t<\/section>\n\t\t\t\t<section class=\"elementor-section elementor-top-section elementor-element elementor-element-2c60dd2 elementor-section-content-middle elementor-section-stretched elementor-section-boxed elementor-section-height-default elementor-section-height-default content-parallax-no\" data-id=\"2c60dd2\" data-element_type=\"section\" data-e-type=\"section\" data-settings=\"{&quot;stretch_section&quot;:&quot;section-stretched&quot;,&quot;background_background&quot;:&quot;classic&quot;}\">\n\t\t\t\t\t\t\t<div class=\"elementor-background-overlay\"><\/div>\n\t\t\t\t\t\t\t<div class=\"elementor-container elementor-column-gap-default\">\n\t\t\t\t\t<div class=\"elementor-column elementor-col-50 elementor-top-column elementor-element elementor-element-b76a24e\" data-id=\"b76a24e\" data-element_type=\"column\" data-e-type=\"column\">\n\t\t\t<div class=\"elementor-widget-wrap elementor-element-populated\">\n\t\t\t\t\t\t<div class=\"elementor-element elementor-element-d6a2ac9 cea-align-left cea-tablet-align-center elementor-invisible elementor-widget elementor-widget-ceasectiontitle\" data-id=\"d6a2ac9\" data-element_type=\"widget\" data-e-type=\"widget\" data-settings=\"{&quot;_animation&quot;:&quot;fadeInUp&quot;}\" data-widget_type=\"ceasectiontitle.default\">\n\t\t\t\t<div class=\"elementor-widget-container\">\n\t\t\t\t\t<div class=\"section-title-wrapper\"><div class=\"title-wrap\"><p class=\"sub-title\"><span class=\"subtitle-dots \" >Was bieten wir<\/span><\/p><h2 class=\"section-title none cea-nrml\" data-animation=\"none\"  >Was geh\u00f6rt zur Haushaltshilfe?<\/h2><\/div><!-- .title-wrap --><div class=\"section-description\"><p class=\"section-content\">Wir \u00fcbernehmen alle wichtigen Haushaltsaufgaben, damit der Alltag leichter und \u00fcbersichtlich bleibt.<\/p><\/div><!-- .section-description --><\/div><!-- .section-title-wrapper -->\t\t\t\t<\/div>\n\t\t\t\t<\/div>\n\t\t\t\t<section class=\"elementor-section elementor-inner-section elementor-element elementor-element-aa236f9 elementor-section-content-middle elementor-section-boxed elementor-section-height-default elementor-section-height-default content-parallax-no\" data-id=\"aa236f9\" data-element_type=\"section\" data-e-type=\"section\">\n\t\t\t\t\t\t<div class=\"elementor-container elementor-column-gap-default\">\n\t\t\t\t\t<div class=\"elementor-column elementor-col-100 elementor-inner-column elementor-element elementor-element-0b9d06e\" data-id=\"0b9d06e\" data-element_type=\"column\" data-e-type=\"column\">\n\t\t\t<div class=\"elementor-widget-wrap elementor-element-populated\">\n\t\t\t\t\t\t<div class=\"elementor-element elementor-element-c544dcc elementor-widget elementor-widget-ceabutton\" data-id=\"c544dcc\" data-element_type=\"widget\" data-e-type=\"widget\" data-widget_type=\"ceabutton.default\">\n\t\t\t\t<div class=\"elementor-widget-container cea-button-wrapper\">\n\t\t\t\t\t<div class=\"cea-button-wrapper\">\n\t\t\t<a href=\"\/kontakt\" class=\"cea-button-link elementor-button cea-button elementor-size-sm\">\n\t\t\t\t\t\t<span class=\"cea-button-content-wrapper\">\n\t\t\t\t\t\t<span class=\"cea-button-icon cea-align-icon-right\">\n\t\t\t\t<i aria-hidden=\"true\" class=\" bi-arrow-up-right\"><\/i>\t\t\t<\/span>\n\t\t\t\t\t\t<span class=\"cea-button-text\">Kontakt<\/span>\n\t\t<\/span>\n\t\t\t\t\t<\/a>\n\t\t<\/div>\n\t\t\t\t<\/div>\n\t\t\t\t<\/div>\n\t\t\t\t\t<\/div>\n\t\t<\/div>\n\t\t\t\t\t<\/div>\n\t\t<\/section>\n\t\t\t\t\t<\/div>\n\t\t<\/div>\n\t\t\t\t<div class=\"elementor-column elementor-col-50 elementor-top-column elementor-element elementor-element-8585e69\" data-id=\"8585e69\" data-element_type=\"column\" data-e-type=\"column\">\n\t\t\t<div class=\"elementor-widget-wrap elementor-element-populated\">\n\t\t\t\t\t\t<section class=\"elementor-section elementor-inner-section elementor-element elementor-element-b256dfe elementor-section-boxed elementor-section-height-default elementor-section-height-default content-parallax-no\" data-id=\"b256dfe\" data-element_type=\"section\" data-e-type=\"section\">\n\t\t\t\t\t\t<div class=\"elementor-container elementor-column-gap-default\">\n\t\t\t\t\t<div class=\"elementor-column elementor-col-50 elementor-inner-column elementor-element elementor-element-4b08caf\" data-id=\"4b08caf\" data-element_type=\"column\" data-e-type=\"column\">\n\t\t\t<div class=\"elementor-widget-wrap elementor-element-populated\">\n\t\t\t\t\t\t<div class=\"elementor-element elementor-element-71f0351 cea-view-default elementor-widget elementor-widget-ceafeaturebox\" data-id=\"71f0351\" data-element_type=\"widget\" data-e-type=\"widget\" data-widget_type=\"ceafeaturebox.default\">\n\t\t\t\t<div class=\"elementor-widget-container feature-box-wrapper feature-box-default\">\n\t\t\t<div class=\"media\"><div class=\"media-icon-part align-self-center\"><figure class=\"cea-feature-box-img\"><img decoding=\"async\" src=\"https:\/\/dev.gesundheits-portal.org\/muster1\/wp-content\/uploads\/elementor\/thumbs\/elderly-3-rf9vk5keh3k9kjh5zp52gwjb8914u45z06zf7q3zbk.png\" title=\"elderly\" alt=\"elderly\" class=\"img-fluid squared \" \/><\/figure><\/div><div class=\"media-body align-self-center\"><h3 class=\"feature-box-title\">Wohnungsreinigung<\/h3><\/div><!-- .media-body --><\/div><!-- .media -->\t\t<\/div>\n\t\t\t\t<\/div>\n\t\t\t\t<div class=\"elementor-element elementor-element-4cd132e cea-view-default elementor-widget elementor-widget-ceafeaturebox\" data-id=\"4cd132e\" data-element_type=\"widget\" data-e-type=\"widget\" data-widget_type=\"ceafeaturebox.default\">\n\t\t\t\t<div class=\"elementor-widget-container feature-box-wrapper feature-box-default\">\n\t\t\t<div class=\"media\"><div class=\"media-icon-part align-self-center\"><figure class=\"cea-feature-box-img\"><img decoding=\"async\" src=\"https:\/\/dev.gesundheits-portal.org\/muster1\/wp-content\/uploads\/elementor\/thumbs\/nursing-home-1-rf9vk5keh3k9kjh5zp52gwjb8914u45z06zf7q3zbk.png\" title=\"nursing-home\" alt=\"nursing-home\" class=\"img-fluid squared \" \/><\/figure><\/div><div class=\"media-body align-self-center\"><h3 class=\"feature-box-title\">W\u00e4sche &amp; Kleidung<\/h3><\/div><!-- .media-body --><\/div><!-- .media -->\t\t<\/div>\n\t\t\t\t<\/div>\n\t\t\t\t<div class=\"elementor-element elementor-element-10016c5 cea-view-default elementor-widget elementor-widget-ceafeaturebox\" data-id=\"10016c5\" data-element_type=\"widget\" data-e-type=\"widget\" data-widget_type=\"ceafeaturebox.default\">\n\t\t\t\t<div class=\"elementor-widget-container feature-box-wrapper feature-box-default\">\n\t\t\t<div class=\"media\"><div class=\"media-icon-part align-self-center\"><figure class=\"cea-feature-box-img\"><img decoding=\"async\" src=\"https:\/\/dev.gesundheits-portal.org\/muster1\/wp-content\/uploads\/elementor\/thumbs\/patient-1-rf9vkgugr3zpfv0s5u0latoucvhjeher1qt8z1n98w.png\" title=\"patient\" alt=\"patient\" class=\"img-fluid squared \" \/><\/figure><\/div><div class=\"media-body align-self-center\"><h3 class=\"feature-box-title\">Haushaltsorganisation<\/h3><\/div><!-- .media-body --><\/div><!-- .media -->\t\t<\/div>\n\t\t\t\t<\/div>\n\t\t\t\t\t<\/div>\n\t\t<\/div>\n\t\t\t\t<div class=\"elementor-column elementor-col-50 elementor-inner-column elementor-element elementor-element-112f0e9\" data-id=\"112f0e9\" data-element_type=\"column\" data-e-type=\"column\">\n\t\t\t<div class=\"elementor-widget-wrap elementor-element-populated\">\n\t\t\t\t\t\t<div class=\"elementor-element elementor-element-2bfd1c5 cea-view-default elementor-widget elementor-widget-ceafeaturebox\" data-id=\"2bfd1c5\" data-element_type=\"widget\" data-e-type=\"widget\" data-widget_type=\"ceafeaturebox.default\">\n\t\t\t\t<div class=\"elementor-widget-container feature-box-wrapper feature-box-default\">\n\t\t\t<div class=\"media\"><div class=\"media-icon-part align-self-center\"><figure class=\"cea-feature-box-img\"><img decoding=\"async\" src=\"https:\/\/dev.gesundheits-portal.org\/muster1\/wp-content\/uploads\/elementor\/thumbs\/medical-team-1-rf9vk6i8nxljw5fsu7jp1eartmwi1t9pcbmwp02l5c.png\" title=\"medical-team\" alt=\"medical-team\" class=\"img-fluid squared \" \/><\/figure><\/div><div class=\"media-body align-self-center\"><h3 class=\"feature-box-title\">Eink\u00e4ufe &amp; Besorgungen<\/h3><\/div><!-- .media-body --><\/div><!-- .media -->\t\t<\/div>\n\t\t\t\t<\/div>\n\t\t\t\t<div class=\"elementor-element elementor-element-be11c70 cea-view-default elementor-widget elementor-widget-ceafeaturebox\" data-id=\"be11c70\" data-element_type=\"widget\" data-e-type=\"widget\" data-widget_type=\"ceafeaturebox.default\">\n\t\t\t\t<div class=\"elementor-widget-container feature-box-wrapper feature-box-default\">\n\t\t\t<div class=\"media\"><div class=\"media-icon-part align-self-center\"><figure class=\"cea-feature-box-img\"><img decoding=\"async\" src=\"https:\/\/dev.gesundheits-portal.org\/muster1\/wp-content\/uploads\/elementor\/thumbs\/24-hours-support-rf9vmz2yz7f8efdpix0ry6x3dv4rxfcze5fv1lxgnk.png\" title=\"24-hours-support\" alt=\"24-hours-support\" class=\"img-fluid squared \" \/><\/figure><\/div><div class=\"media-body align-self-center\"><h3 class=\"feature-box-title\">Kochen &amp; Zubereitung<\/h3><\/div><!-- .media-body --><\/div><!-- .media -->\t\t<\/div>\n\t\t\t\t<\/div>\n\t\t\t\t<div class=\"elementor-element elementor-element-cb9b7eb cea-view-default elementor-widget elementor-widget-ceafeaturebox\" data-id=\"cb9b7eb\" data-element_type=\"widget\" data-e-type=\"widget\" data-widget_type=\"ceafeaturebox.default\">\n\t\t\t\t<div class=\"elementor-widget-container feature-box-wrapper feature-box-default\">\n\t\t\t<div class=\"media\"><div class=\"media-icon-part align-self-center\"><figure class=\"cea-feature-box-img\"><img decoding=\"async\" src=\"https:\/\/dev.gesundheits-portal.org\/muster1\/wp-content\/uploads\/elementor\/thumbs\/ambulance-1-rf9vkgugr3zpfv0s5u0latoucvhjeher1qt8z1n98w.png\" title=\"ambulance\" alt=\"ambulance\" class=\"img-fluid squared \" \/><\/figure><\/div><div class=\"media-body align-self-center\"><h3 class=\"feature-box-title\">Allgemeine Alltagsentlastung<\/h3><\/div><!-- .media-body --><\/div><!-- .media -->\t\t<\/div>\n\t\t\t\t<\/div>\n\t\t\t\t\t<\/div>\n\t\t<\/div>\n\t\t\t\t\t<\/div>\n\t\t<\/section>\n\t\t\t\t\t<\/div>\n\t\t<\/div>\n\t\t\t\t\t<\/div>\n\t\t<\/section>\n\t\t\t\t<\/div>\n\t\t","protected":false},"excerpt":{"rendered":"<p>Haushaltshilfe Wir sorgen f\u00fcr Ordnung und Entlastung im Alltag Wir unterst\u00fctzen Menschen zuhause bei allen wichtigen Aufgaben im Haushalt. Dazu geh\u00f6ren Reinigung, Einkaufen, W\u00e4sche, Kochen und viele weitere T\u00e4tigkeiten, die den Alltag erleichtern. Unsere Haushaltshilfen entlasten sowohl Patienten als auch Angeh\u00f6rige und schaffen mehr Struktur, Komfort und Sicherheit im t\u00e4glichen..<\/p>\n","protected":false},"author":2,"featured_media":0,"parent":0,"menu_order":0,"comment_status":"closed","ping_status":"closed","template":"","meta":{"footnotes":""},"class_list":["post-64640","page","type-page","status-publish","hentry"],"_links":{"self":[{"href":"https:\/\/dev.gesundheits-portal.org\/muster1\/wp-json\/wp\/v2\/pages\/64640","targetHints":{"allow":["GET"]}}],"collection":[{"href":"https:\/\/dev.gesundheits-portal.org\/muster1\/wp-json\/wp\/v2\/pages"}],"about":[{"href":"https:\/\/dev.gesundheits-portal.org\/muster1\/wp-json\/wp\/v2\/types\/page"}],"author":[{"embeddable":true,"href":"https:\/\/dev.gesundheits-portal.org\/muster1\/wp-json\/wp\/v2\/users\/2"}],"replies":[{"embeddable":true,"href":"https:\/\/dev.gesundheits-portal.org\/muster1\/wp-json\/wp\/v2\/comments?post=64640"}],"version-history":[{"count":7,"href":"https:\/\/dev.gesundheits-portal.org\/muster1\/wp-json\/wp\/v2\/pages\/64640\/revisions"}],"predecessor-version":[{"id":64650,"href":"https:\/\/dev.gesundheits-portal.org\/muster1\/wp-json\/wp\/v2\/pages\/64640\/revisions\/64650"}],"wp:attachment":[{"href":"https:\/\/dev.gesundheits-portal.org\/muster1\/wp-json\/wp\/v2\/media?parent=64640"}],"curies":[{"name":"wp","href":"https:\/\/api.w.org\/{rel}","templated":true}]}}